{"id":1154,"date":"2023-06-29T18:52:10","date_gmt":"2023-06-29T17:52:10","guid":{"rendered":"https:\/\/icertpublication.com\/?page_id=1154"},"modified":"2023-11-08T07:25:45","modified_gmt":"2023-11-08T07:25:45","slug":"referances-covid-19-pandemic-impacts-on-indian-it-industry","status":"publish","type":"page","link":"https:\/\/icert.org.in\/index.php\/edu-mania\/edumania-vol1issue1\/referances-covid-19-pandemic-impacts-on-indian-it-industry\/","title":{"rendered":"Referances-COVID-19 &#8211; PANDEMIC IMPACTS ON INDIAN IT INDUSTRY"},"content":{"rendered":"\t\t<div data-elementor-type=\"wp-page\" data-elementor-id=\"1154\" class=\"elementor elementor-1154\">\n\t\t\t\t\t\t<section class=\"elementor-section elementor-top-section elementor-element elementor-element-9cb1965 elementor-section-boxed elementor-section-height-default elementor-section-height-default\" data-id=\"9cb1965\" data-element_type=\"section\">\n\t\t\t\t\t\t<div class=\"elementor-container elementor-column-gap-default\">\n\t\t\t\t\t<div class=\"elementor-column elementor-col-100 elementor-top-column elementor-element elementor-element-c1b5290\" data-id=\"c1b5290\" data-element_type=\"column\">\n\t\t\t<div class=\"elementor-widget-wrap elementor-element-populated\">\n\t\t\t\t\t\t<div class=\"elementor-element elementor-element-db5c6dd elementor-widget elementor-widget-heading\" data-id=\"db5c6dd\" data-element_type=\"widget\" data-widget_type=\"heading.default\">\n\t\t\t\t<div class=\"elementor-widget-container\">\n\t\t\t\t\t<h2 class=\"elementor-heading-title elementor-size-default\">COVID-19 - PANDEMIC IMPACTS ON INDIAN IT INDUSTR<\/h2>\t\t\t\t<\/div>\n\t\t\t\t<\/div>\n\t\t\t\t\t<\/div>\n\t\t<\/div>\n\t\t\t\t\t<\/div>\n\t\t<\/section>\n\t\t\t\t<section class=\"elementor-section elementor-top-section elementor-element elementor-element-d738ac2 elementor-section-boxed elementor-section-height-default elementor-section-height-default\" data-id=\"d738ac2\" data-element_type=\"section\">\n\t\t\t\t\t\t<div class=\"elementor-container elementor-column-gap-default\">\n\t\t\t\t\t<div class=\"elementor-column elementor-col-100 elementor-top-column elementor-element elementor-element-0be4660\" data-id=\"0be4660\" data-element_type=\"column\">\n\t\t\t<div class=\"elementor-widget-wrap elementor-element-populated\">\n\t\t\t\t\t\t<div class=\"elementor-element elementor-element-2916113 elementor-widget elementor-widget-heading\" data-id=\"2916113\" data-element_type=\"widget\" data-widget_type=\"heading.default\">\n\t\t\t\t<div class=\"elementor-widget-container\">\n\t\t\t\t\t<h5 class=\"elementor-heading-title elementor-size-default\">References<\/h5>\t\t\t\t<\/div>\n\t\t\t\t<\/div>\n\t\t\t\t<div class=\"elementor-element elementor-element-7038a16 elementor-widget elementor-widget-text-editor\" data-id=\"7038a16\" data-element_type=\"widget\" data-widget_type=\"text-editor.default\">\n\t\t\t\t<div class=\"elementor-widget-container\">\n\t\t\t\t\t\t\t\t\t<ol><li><span style=\"font-weight: 400;\"> NASSCOM and Economic Survey Report, Government of India.<\/span><\/li><li><span style=\"font-weight: 400;\"> https:\/\/www.statista.com\/statistics\/320729\/india-it-industry-direct-indirect-employment\/<\/span><\/li><li><span style=\"font-weight: 400;\"> Coronavirus India Updates: India locks down for 21 days but no need to panic, retrieved fromhttps:\/\/economictimes.indiatimes.com\/news\/politics-and-nation\/coronavirus-cases-in-indialive-news-latest-updates-march24\/liveblog\/74784148.cms.<\/span><\/li><li><span style=\"font-weight: 400;\"> https:\/\/www.ncbi.nlm.nih.gov\/pmc\/articles\/PMC7361328.<\/span><\/li><li><span style=\"font-weight: 400;\"> Krishnamurthy Shankar, \u201cThe Impact of COVID-19 on IT Services Industry \u2013 Expected Transformations\u201d, British Journal of Management, Vol. 31, Pp 450\u2013452. 2020.<\/span><\/li><li><span style=\"font-weight: 400;\"> Rohan Chinchwadker, Vinish Kathuria, \u201cPost-covid-19-challenges in Indian IT industry\u201d, Economic and Political Weekly, Vol. 55, Issue No. 42, 17 oct 2020.<\/span><\/li><li><span style=\"font-weight: 400;\"> Cinni K.R., Dr Rosa K.D, \u201c The Role of the IT Industry in India\u2019s Economic Development\u201d, FACTS FOR YOU, pp- 25- 27, June 2014.<\/span><\/li><li><span style=\"font-weight: 400;\"> Chandana Chakraborty and C. Jayachandran, \u201cSoftware Sector: Trends and Constraints\u201d, Economic and Political Weekly, Vol. 36, Issue No. 34, pp- 3255-3261, Aug 2001.<\/span><\/li><li><span style=\"font-weight: 400;\"> Dr L. Sudershan Reddy, Dr. Kannamani Ramasamy, \u201cThe Challenges in the Indian IT Industry Due to COVID-19 \u2013 An Introspection\u201d, Studies in Indian Place Names (UGC Care Journal), ISSN: 2394-3114, Vol-40, Issue-70, PP-161-174, March -2020.<\/span><\/li><li><span style=\"font-weight: 400;\"> L. Sudershan Reddy and Kannamani.R. (2016), \u201cA study on sampling technique to analyse the matrix organisation in ITO industry\u201d. FOCUS \u2013 The International Journal of Management Digest\u2019, IFIM Business School, Oct-Mar 2016.<\/span><\/li><li><span style=\"font-weight: 400;\"> L. Sudershan Reddy and Kannamani.R. (2017), \u201cJustifying the Judgmental Sampling; Matrix organisation in the IT outsourcing industry\u201d, GBMAS- Vidushi Journal.<\/span><\/li><li><span style=\"font-weight: 400;\"> Dr. Nihan Ak\u0131nc\u0131lar K\u00f6seo\u011flu, Kaldygul Adilbekova,\u201cImpact of COVID-19 Pandemic on Human Resource Practices\u201d, International conference on covid-19 studies in social sciences, Istanbul, Turkey. September 30, 2021.<\/span><\/li><li><span style=\"font-weight: 400;\"> Mohit Dubey, Aarti Garg, \u201cContribution Of Information Technology and Growth Of Indian Economy\u201d, Information Technology And Growth Of Indian Economy, Voice of Research, Vol.2, Issue 4, March 2014. ISSN 2277-7733.<\/span><\/li><\/ol>\t\t\t\t\t\t\t\t<\/div>\n\t\t\t\t<\/div>\n\t\t\t\t\t<\/div>\n\t\t<\/div>\n\t\t\t\t\t<\/div>\n\t\t<\/section>\n\t\t\t\t<\/div>\n\t\t","protected":false},"excerpt":{"rendered":"<p>COVID-19 &#8211; PANDEMIC IMPACTS ON INDIAN IT INDUSTR References NASSCOM and Economic Survey Report, Government of India. https:\/\/www.statista.com\/statistics\/320729\/india-it-industry-direct-indirect-employment\/ Coronavirus India Updates: India locks down for 21 days but no need to panic, retrieved fromhttps:\/\/economictimes.indiatimes.com\/news\/politics-and-nation\/coronavirus-cases-in-indialive-news-latest-updates-march24\/liveblog\/74784148.cms. https:\/\/www.ncbi.nlm.nih.gov\/pmc\/articles\/PMC7361328. Krishnamurthy Shankar, \u201cThe Impact of COVID-19 on IT Services Industry \u2013 Expected Transformations\u201d, British Journal of Management, Vol. 31, Pp [&hellip;]<\/p>\n","protected":false},"author":1,"featured_media":0,"parent":257,"menu_order":0,"comment_status":"closed","ping_status":"closed","template":"","meta":{"_acf_changed":false,"postBodyCss":"","postBodyMargin":[],"postBodyPadding":[],"postBodyBackground":{"backgroundType":"classic","gradient":""},"site-sidebar-layout":"no-sidebar","site-content-layout":"page-builder","ast-site-content-layout":"default","site-content-style":"default","site-sidebar-style":"default","ast-global-header-display":"","ast-banner-title-visibility":"","ast-main-header-display":"","ast-hfb-above-header-display":"","ast-hfb-below-header-display":"","ast-hfb-mobile-header-display":"","site-post-title":"disabled","ast-breadcrumbs-content":"","ast-featured-img":"disabled","footer-sml-layout":"","theme-transparent-header-meta":"default","adv-header-id-meta":"","stick-header-meta":"","header-above-stick-meta":"","header-main-stick-meta":"","header-below-stick-meta":"","astra-migrate-meta-layouts":"default","ast-page-background-enabled":"default","ast-page-background-meta":{"desktop":{"background-color":"var(--ast-global-color-4)","background-image":"","background-repeat":"repeat","background-position":"center center","background-size":"auto","background-attachment":"scroll","background-type":"","background-media":"","overlay-type":"","overlay-color":"","overlay-opacity":"","overlay-gradient":""},"tablet":{"background-color":"","background-image":"","background-repeat":"repeat","background-position":"center center","background-size":"auto","background-attachment":"scroll","background-type":"","background-media":"","overlay-type":"","overlay-color":"","overlay-opacity":"","overlay-gradient":""},"mobile":{"background-color":"","background-image":"","background-repeat":"repeat","background-position":"center center","background-size":"auto","background-attachment":"scroll","background-type":"","background-media":"","overlay-type":"","overlay-color":"","overlay-opacity":"","overlay-gradient":""}},"ast-content-background-meta":{"desktop":{"background-color":"var(--ast-global-color-5)","background-image":"","background-repeat":"repeat","background-position":"center center","background-size":"auto","background-attachment":"scroll","background-type":"","background-media":"","overlay-type":"","overlay-color":"","overlay-opacity":"","overlay-gradient":""},"tablet":{"background-color":"var(--ast-global-color-5)","background-image":"","background-repeat":"repeat","background-position":"center center","background-size":"auto","background-attachment":"scroll","background-type":"","background-media":"","overlay-type":"","overlay-color":"","overlay-opacity":"","overlay-gradient":""},"mobile":{"background-color":"var(--ast-global-color-5)","background-image":"","background-repeat":"repeat","background-position":"center center","background-size":"auto","background-attachment":"scroll","background-type":"","background-media":"","overlay-type":"","overlay-color":"","overlay-opacity":"","overlay-gradient":""}},"footnotes":""},"class_list":["post-1154","page","type-page","status-publish","hentry"],"acf":[],"_links":{"self":[{"href":"https:\/\/icert.org.in\/index.php\/wp-json\/wp\/v2\/pages\/1154","targetHints":{"allow":["GET"]}}],"collection":[{"href":"https:\/\/icert.org.in\/index.php\/wp-json\/wp\/v2\/pages"}],"about":[{"href":"https:\/\/icert.org.in\/index.php\/wp-json\/wp\/v2\/types\/page"}],"author":[{"embeddable":true,"href":"https:\/\/icert.org.in\/index.php\/wp-json\/wp\/v2\/users\/1"}],"replies":[{"embeddable":true,"href":"https:\/\/icert.org.in\/index.php\/wp-json\/wp\/v2\/comments?post=1154"}],"version-history":[{"count":0,"href":"https:\/\/icert.org.in\/index.php\/wp-json\/wp\/v2\/pages\/1154\/revisions"}],"up":[{"embeddable":true,"href":"https:\/\/icert.org.in\/index.php\/wp-json\/wp\/v2\/pages\/257"}],"wp:attachment":[{"href":"https:\/\/icert.org.in\/index.php\/wp-json\/wp\/v2\/media?parent=1154"}],"curies":[{"name":"wp","href":"https:\/\/api.w.org\/{rel}","templated":true}]}}